te number?
False
Is 147222443 a prime number?
True
Is 492511 prime?
True
Is 571634771 prime?
True
Is 30599357 composite?
True
Is 23992547 a prime number?
True
Is 36418253 a prime number?
True
Is 301943 a composite number?
False
Is 432558071 composite?
True
Is 4825741 a composite number?
True
Is 284051 a prime number?
True
Is 2405077 a prime number?
False
Is 1167899 a composite number?
False
Is 636917 a prime number?
True
Is 2974781 composite?
False
Is 82178641 a prime number?
False
Is 148266229 composite?
False
Is 6861971 a composite number?
False
Is 2208641 a composite number?
True
Is 8719003 a composite number?
False
Is 549121 a composite number?
False
Is 132150083 composite?
True
Is 8780909 a prime number?
True
Is 25498307 composite?
False
Is 7469837 prime?
True
Is 30019469 a prime number?
False
Is 228401 a prime number?
False
Is 16675541 composite?
True
Is 80798423 composite?
False
Is 53914477 composite?
False
Is 64336666 a prime number?
False
Is 2806987 a prime number?
True
Is 51476861 composite?
True
Is 134382317 a prime number?
False
Is 40161129 a prime number?
False
Is 460142809 prime?
False
Is 137300693 a prime number?
False
Is 14640871 a composite number?
True
Is 6463063 prime?
False
Is 24847699 a prime number?
True
Is 18570709 prime?
True
Is 1008719 a composite number?
False
Is 1231547 prime?
True
Is 645480613 a composite number?
True
Is 378239581 a prime number?
True
Is 2199643 composite?
False
Is 12958531 composite?
True
Is 5693185 a prime number?
False
Is 133818565 a prime number?
False
Is 177989861 composite?
True
Is 58976791 a composite number?
True
Is 8448113 a composite number?
True
Is 2256557 composite?
False
Is 80180033 prime?
True
Is 1968222001 a prime number?
True
Is 141235867 prime?
True
Is 1527497 composite?
False
Is 10256821 a composite number?
False
Is 160500971 a composite number?
False
Is 6644177 a composite number?
False
Is 531977 prime?
True
Is 100197701 composite?
False
Is 10020431 a prime number?
True
Is 1282027 a composite number?
True
Is 7349471 a composite number?
False
Is 44736019 composite?
False
Is 15812609 prime?
True
Is 4723561 a composite number?
False
Is 556556153 composite?
False
Is 290730773 prime?
False
Is 311486413 prime?
False
Is 110707721 a composite number?
False
Is 7710595 a composite number?
True
Is 2225771 prime?
True
Is 389923 prime?
True
Is 9413687 prime?
False
Is 147926747 a prime number?
False
Is 5558327 composite?
True
Is 57820063 prime?
False
Is 55677851 a prime number?
True
Is 207100237 a composite number?
False
Is 21059629 prime?
True
Is 767629 prime?
False
Is 69815 a prime number?
False
Is 256661 a prime number?
True
Is 45280051 prime?
True
Is 16929137 composite?
False
Is 90521633 a composite number?
True
Is 1106597 a composite number?
True
Is 1775171 composite?
False
Is 7664107 a prime number?
False
Is 16256599 a composite number?
False
Is 172097593 composite?
True
Is 1032763 a prime number?
True
Is 49410121 a composite number?
False
Is 5163817 a prime number?
True
Is 4341379 a composite number?
True
Is 4920086 composite?
True
Is 57922311 composite?
True
Is 538621 composite?
False
Is 3877997 a prime number?
False
Is 46792241 prime?
True
Is 555058263 composite?
True
Is 7446773 prime?
True
Is 2590547 prime?
True
Is 607451 a prime number?
False
Is 444916267 a prime number?
False
Is 372209701 a prime number?
False
Is 7006537 a composite number?
False
Is 104378867 a composite number?
True
Is 65152495 composite?
True
Is 71370371 prime?
True
Is 2279383 a composite number?
True
Is 18343526 a prime number?
False
Is 283565 composite?
True
Is 3355637 prime?
False
Is 185870185 prime?
False
Is 120456461 composite?
True
Is 3615943 a prime number?
True
Is 1991027 a composite number?
False
Is 522805 composite?
True
Is 337401299 a prime number?
True
Is 7613293 composite?
True
Is 583031 a prime number?
True
Is 221902351 composite?
True
Is 3685211 a prime number?
True
Is 10019995 a composite number?
True
Is 5777353 a prime number?
True
Is 3644513 composite?
False
Is 756419 a composite number?
False
Is 4658518 prime?
False
Is 4175153 a prime number?
False
Is 945640627 composite?
False
Is 114746557 a composite number?
False
Is 487440929 a prime number?
False
Is 1534103 prime?
True
Is 18701537 prime?
True
Is 44988667 a composite number?
True
Is 67157011 a prime number?
False
Is 23080157 prime?
False
Is 34763021 a composite number?
True
Is 6707373 a composite number?
True
Is 184165 a composite number?
True
Is 37938755 a prime number?
False
Is 1908337 prime?
False
Is 186154849 a composite number?
False
Is 205610983 a composite number?
True
Is 15457129 a composite number?
False
Is 70807531 a composite number?
True
Is 15199253 composite?
True
Is 357229 a prime number?
True
Is 88155469 a composite number?
False
Is 12833791 a composite number?
True
Is 1141303 a prime number?
True
Is 188270569 prime?
False
Is 136813799 a composite number?
True
Is 816496661 a composite number?
False
Is 2734993 composite?
True
Is 117122263 a composite number?
False
Is 9620797 composite?
False
Is 4536674 composite?
True
Is 154632809 prime?
False
Is 37083947 a composite number?
False
Is 11586749 prime?
True
Is 255122066 a composite number?
True
Is 615563 a prime number?
False
Is 1904443 prime?
False
Is 24829201 a composite number?
True
Is 590378369 composite?
True
Is 121213441 a composite number?
True
Is 65141 composite?
False
Is 1630121 prime?
False
Is 4019317 a prime number?
False
Is 11600863 prime?
True
Is 93074017 a composite number?
True
Is 51128053 a composite number?
True
Is 13165843 composite?
False
Is 10061861 composite?
False
Is 623921 prime?
False
Is 4840393 prime?
False
Is 7825351 prime?
False
Is 8891 a prime number?
False
Is 14449691 prime?
True
Is 3378481 a prime number?
True
Is 976033 composite?
False
Is 5312353 prime?
True
Is 102756409 a composite number?
True
Is 85443941 a composite number?
True
Is 472751 a composite number?
False
Is 13312839 composite?
True
Is 755509 a prime number?
True
Is 681643 composite?
True
Is 1354447 a prime number?
False
Is 1746253 composite?
True
Is 242075377 a composite number?
False
Is 71143379 a composite number?
False
Is 19143703 a composite number?
False
Is 1641215 a composite number?
True
Is 28016027 prime?
False
Is 12210019 a composite number?
False
Is 12857703 prime?
False
Is 18671201 a prime number?
True
Is 113296543 prime?
True
Is 24274927 a prime number?
False
Is 439961 composite?
False
Is 10278623 composite?
False
Is 2497331 a prime number?
False
Is 1438847 a prime number?
True
Is 5422279 composite?
True
Is 1514363 a prime number?
True
Is 2359769 composite?
False
Is 5385431 composite?
False
Is 891765941 a prime number?
False
Is 554079 a prime number?
False
Is 1602170389 prime?
False
Is 914829781 a composite number?
False
Is 235400449 a composite number?
False
Is 65488043 prime?
False
Is 5374637 prime?
True
Is 90582359 prime?
False
Is 6570503 composite?
False
Is 22879523 a composite number?
False
Is 797822021 a composite number?
False
Is 31596809 a prime number?
False
Is 13454539 composite?
True
Is 8304419 prime?
True
Is 289172479 composite?
True
Is 2438521 prime?
True
Is 2058317 composite?
True
Is 722758857 a prime number?
False
Is 14315863 a composite number?
False
Is 147275407 prime?
True
Is 54454849 prime?
True
Is 4835603 prime?
False
Is 1932563 prime?
True
Is 2659541 composite?
True
Is 2411797 a composite number?
False
Is 7328305 prime?
False
Is 109312523 prime?
False
Is 95021 composite?
False
Is 10181123 prime?
True
Is 1755349 a prime number?
False
Is 5139929 prime?
False
Is 796121 prime?
True
Is 223898 composite?
True
Is 250423213 prime?
True
Is 4563821 a prime number?
False
Is 89064166 a composite number?
True
Is 1163261 prime?
False
Is 78961513 composite?
False
Is 3600391 a composite number?
True
Is 27771251 prime?
False
Is 2464383523 composite?
True
Is 215051 a composite number?
False
Is 1297619 prime?
True
Is 2569529 a composite number?
False
Is 79516069 prime?
False
Is 31648519 composite?
True
Is 3303659 a prime number?
False
Is 1412269 a prime number?
False
Is 93553 a composite number?
False
Is 157989773 a composite number?
False
Is 454241 composite?
True
Is 262680347 a prime number?
False
Is 21476033 prime?
False
Is 105692273 a composite number?
True
Is 67303